prime factors of 104034?
2, 3, 7, 2477
List the prime factors of 42643.
42643
What are the prime factors of 133959?
3, 7, 6379
What are the prime factors of 525?
3, 5, 7
What are the prime factors of 12621?
3, 7, 601
List the prime factors of 3157.
7, 11, 41
List the prime factors of 2013.
3, 11, 61
What are the prime factors of 3466?
2, 1733
List the prime factors of 4510.
2, 5, 11, 41
What are the prime factors of 392?
2, 7
List the prime factors of 25814.
2, 12907
List the prime factors of 387.
3, 43
What are the prime factors of 1768?
2, 13, 17
List the prime factors of 11589.
3, 3863
List the prime factors of 5041.
71
List the prime factors of 392.
2, 7
What are the prime factors of 37321?
37321
List the prime factors of 3154.
2, 19, 83
What are the prime factors of 4540?
2, 5, 227
What are the prime factors of 588?
2, 3, 7
What are the prime factors of 2277?
3, 11, 23
List the prime factors of 756.
2, 3, 7
What are the prime factors of 5741?
5741
List the prime factors of 129919.
129919
What are the prime factors of 23238?
2, 3, 1291
What are the prime factors of 34?
2, 17
List the prime factors of 30967.
173, 179
List the prime factors of 9967.
9967
What are the prime factors of 65887?
41, 1607
List the prime factors of 53754.
2, 3, 17, 31
List the prime factors of 1282.
2, 641
What are the prime factors of 3122?
2, 7, 223
List the prime factors of 2197.
13
What are the prime factors of 35206?
2, 29, 607
What are the prime factors of 48045?
3, 5, 3203
What are the prime factors of 54610?
2, 5, 43, 127
What are the prime factors of 29035?
5, 5807
What are the prime factors of 754?
2, 13, 29
What are the prime factors of 27754?
2, 13877
List the prime factors of 51328.
2, 401
List the prime factors of 38197.
38197
What are the prime factors of 14250?
2, 3, 5, 19
What are the prime factors of 90507?
3, 30169
What are the prime factors of 6070?
2, 5, 607
List the prime factors of 23772.
2, 3, 7, 283
What are the prime factors of 5773?
23, 251
List the prime factors of 2446.
2, 1223
List the prime factors of 68125.
5, 109
What are the prime factors of 2331?
3, 7, 37
What are the prime factors of 12440?
2, 5, 311
What are the prime factors of 5424?
2, 3, 113
What are the prime factors of 12566?
2, 61, 103
List the prime factors of 723.
3, 241
List the prime factors of 1536.
2, 3
List the prime factors of 523.
523
What are the prime factors of 36650?
2, 5, 733
List the prime factors of 10946.
2, 13, 421
List the prime factors of 29232.
2, 3, 7, 29
List the prime factors of 6286.
2, 7, 449
List the prime factors of 2994.
2, 3, 499
What are the prime factors of 1430?
2, 5, 11, 13
What are the prime factors of 10121?
29, 349
List the prime factors of 70556.
2, 31, 569
List the prime factors of 3497.
13, 269
What are the prime factors of 91255?
5, 18251
What are the prime factors of 3873?
3, 1291
What are the prime factors of 5830?
2, 5, 11, 53
List the prime factors of 16199.
97, 167
List the prime factors of 77675.
5, 13, 239
What are the prime factors of 20346?
2, 3, 3391
List the prime factors of 17188.
2, 4297
List the prime factors of 1589.
7, 227
What are the prime factors of 1127?
7, 23
What are the prime factors of 2402?
2, 1201
List the prime factors of 36595.
5, 13, 563
What are the prime factors of 1928?
2, 241
What are the prime factors of 4068?
2, 3, 113
What are the prime factors of 1045?
5, 11, 19
List the prime factors of 2387.
7, 11, 31
List the prime factors of 6556.
2, 11, 149
List the prime factors of 969.
3, 17, 19
What are the prime factors of 12115?
5, 2423
List the prime factors of 5094.
2, 3, 283
What are the prime factors of 7574?
2, 7, 541
List the prime factors of 4634.
2, 7, 331
What are the prime factors of 20215?
5, 13, 311
What are the prime factors of 18398?
2, 9199
List the prime factors of 9841.
13, 757
List the prime factors of 10490.
2, 5, 1049
What are the prime factors of 6751?
43, 157
What are the prime factors of 22000?
2, 5, 11
List the prime factors of 53727.
3, 17909
What are the prime factors of 6311?
6311
What are the prime factors of 5591?
5591
What are the prime factors of 47778?
2, 3, 7963
List the prime factors of 7067.
37, 191
What are the prime factors of 15867?
3, 41, 43
List the prime factors of 2004.
2, 3, 167
List the prime factors of 20720.
2, 5, 7, 37
What are the prime factors of 410?
2, 5, 41
List the prime factors of 8851.
53, 167
List the prime factors of 1623.
3, 541
What are the prime factors of 951?
3, 317
List the prime factors of 821.
821
What are the prime factors of 1505?
5, 7, 43
List the prime factors of 43627.
43627
What are the prime factors of 1709?
1709
List the prime factors of 721.
7, 103
What are the prime factors of 1276?
2, 11, 29
List the prime factors of 1470.
2, 3, 5, 7
What are the prime factors of 4146?
2, 3, 691
List the prime factors of 13212.
2, 3, 367
What are the prime factors of 18037?
17, 1061
List the prime factors of 16767.
3, 23
List the prime factors of 81.
3
List the prime factors of 67072.
2, 131
What are the prime factors of 29878?
2, 14939
List the prime factors of 58979.
58979
List the prime factors of 880.
2, 5, 11
What are the prime factors of 21293?
107, 199
What are the prime factors of 3581?
3581
List the prime factors of 15688.
2, 37, 53
List the prime factors of 46.
2, 23
What are the prime factors of 20853?
3, 7, 331
List the prime factors of 8656.
2, 541
List the prime factors of 1545.
3, 5, 103
List the prime factors of 2313.
3, 257
What are the prime factors of 744?
2, 3, 31
List the prime factors of 2404.
2, 601
What are the prime factors of 1344?
2, 3, 7
What are the prime factors of 2270?
2, 5, 227
What are the prime factors of 1672?
2, 11, 19
What are the prime factors of 22730?
2, 5, 2273
List the prime factors of 983.
983
List the prime factors of 51617.
71, 727
List the prime factors of 19626.
2, 3, 3271
What are the prime factors of 17247?
3, 5749
What are the prime factors of 1263?
3, 421
List the prime factors of 1701.
3, 7
List the prime factors of 90586.
2, 45293
What are the prime factors of 294?
2, 3, 7
What are the prime factors of 87411?
3, 29137
List the prime factors of 29360.
2, 5, 367
What are the prime factors of 376?
2, 47
List the prime factors of 29925.
3, 5, 7, 19
List the prime factors of 212580.
2, 3, 5, 1181
List the prime factors of 26294.
2, 13147
List the prime factors of 10308.
2, 3, 859
List the prime factors of 84660.
2, 3, 5, 17, 83
What are the prime factors of 11675?
5, 467
List the prime factors of 698.
2, 349
List the prime factors of 24635.
5, 13, 379
What are the prime factors of 2698?
2, 19, 71
What are the prime factors of 2176?
2, 17
What are the prime factors of 361?
19
List the prime factors of 3838.
2, 19, 101
What are the prime factors of 20082?
2, 3, 3347
What are the prime factors of 5007?
3, 1669
List the prime factors of 33.
3, 11
List the prime factors of 19064.
2, 2383
List the prime factors of 1743.
3, 7, 83
List the prime factors of 2100.
2, 3, 5, 7
List the prime factors of 52072.
2, 23, 283
What are the prime factors of 156?
2, 3, 13
List the prime factors of 4812.
2, 3, 401
What are the prime factors of 1520?
2, 5, 19
List the prime factors of 715.
5, 11, 13
List the prime factors of 197.
197
List the prime factors of 26247.
3, 13, 673
List the prime factors of 7268.
2, 23, 79
List the prime factors of 4273.
4273
What are the prime factors of 9753?
3, 3251
List the prime factors of 31569.
3, 17, 619
List the prime factors of 4092.
2, 3, 11, 31
What are the prime factors of 13209?
3, 7, 17, 37
List the prime factors of 136831.
293, 467
What are the prime factors of 8560?
2, 5, 107
What are the prime factors of 4470?
2, 3, 5, 149
List the prime factors of 1068.
2, 3, 89
List the prime factors of 2765.
5, 7, 79
List the prime factors of 540.
2, 3, 5
What are the prime factors of 2784?
2, 3, 29
What are the prime factors of 6738?
2, 3, 1123
What are the prime factors of 2359?
7, 337
What are the prime factors of 28593?
3, 353
What are the prime factors of 3508?
2, 877
List the prime factors of 139935.
3, 5, 19, 491
List the prime factors of 44233.
7, 71, 89
What are the prime factors of 23964?
2, 3, 1997
What are the prime factors of 2979?
3, 331
List the prime factors of 50570